Let i(x) = -x**3 - 3*x**2 - 25*x - 37. List the prime factors of i(-17).
2, 3, 739
Let o = 21 + -23. What are the prime factors of (1078/33)/(o/(-3))?
7
Suppose 0*h - 4*h + 943 = c, -2*h + 1880 = 2*c. What are the prime factors of c?
3, 313
Suppose 439 = 4*h + 99. Let o = -57 + h. What are the prime factors of o?
2, 7
Suppose 5*w + 4*a = 28, -3*w - 4*a + 11 = -1. Suppose -4*i - 176 = -w*i. What are the prime factors of i?
2, 11
Let x = 11995 - 7417. What are the prime factors of x?
2, 3, 7, 109
Let m(j) = -j + 15. Let z be m(12). List the prime factors of 10/(34/10 - z).
5
Suppose 10*v - 9*v = 189. What are the prime factors of v?
3, 7
What are the prime factors of ((-1 - 11)/6)/(-5)*2195?
2, 439
Suppose -v - 2*a - 1 = 0, 0 = 3*v - a + 4 + 13. List the prime factors of (-15)/4*60/v.
3, 5
Suppose 488 = 2*i - 90. Suppose -i - 68 = -3*a. What are the prime factors of a?
7, 17
Let c = 2230 - 1274. Suppose 0 = 6*d - c - 280. What are the prime factors of d?
2, 103
Suppose s - 3*k + 4909 = 6*s, 2*k + 4 = 0. What are the prime factors of s?
983
Let k = 1291 - 774. List the prime factors of k.
11, 47
Suppose 0*v - 2*v + 104 = 0. Suppose 4*l + v = -4*m + 252, 2*m = 5*l - 278. List the prime factors of l.
2, 3
Let z(a) = -4*a**2 - a + 7. Let y(l) = -l**2 + 1. Let q(i) = -5*y(i) + z(i). Let g be (-16)/6*(-6)/(-4). What are the prime factors of q(g)?
2, 11
Suppose 22*n - 7763 + 1603 = 0. What are the prime factors of n?
2, 5, 7
Let m(b) = 3*b**2 + 8*b - 73. What are the prime factors of m(9)?
2, 11
Suppose -l + 8 = x, -5*l + 9 = -x - 7. Suppose l*p - 3*p = -54. List the prime factors of (-2 - 2)*p/8.
3
Let y(p) = -p**3 - 9*p**2 - 7*p + 12. Let q be y(-8). Suppose -v = 2*v + 3*h - 324, q*v + 2*h = 440. What are the prime factors of v?
2, 7
List the prime factors of (4 - -99)*(16/4 - 1).
3, 103
Suppose s - 753 = -5*h + 238, 5*s - 3*h = 5095. List the prime factors of s.
2, 127
Let r be 1 - (-2 + -1 + -1). Suppose -3*b - 4*u + 86 = 0, -r*u + 0*u - 35 = -b. Suppose b = o - 0*w + w, -w - 66 = -2*o. What are the prime factors of o?
2
Suppose -a - 12 = 2*i + 3*i, 0 = -5*i - 15. Suppose 6*h - a*h - 146 = 5*p, h + 5*p = 42. List the prime factors of h.
47
Let c = 9756 + -3581. List the prime factors of c.
5, 13, 19
Let j(a) = 151*a + 252. What are the prime factors of j(6)?
2, 3, 193
Suppose -5*s + 50 = -10. Let u(y) = 2*y**2 - 21*y + 3. List the prime factors of u(s).
3, 13
What are the prime factors of 54 + 1722 - 5*2?
2, 883
Suppose -1068 = 15*l - 19*l. What are the prime factors of l?
3, 89
Suppose -26008 = -10*m - 558. What are the prime factors of m?
5, 509
Let n(f) = 2*f**3 + 6*f**2 - 4*f + 4. Let j be n(-4). List the prime factors of (5 - (-64)/j)/((-1)/309).
103
Let n = 8 + -11. Suppose -85 = 7*k + 237. List the prime factors of 2*k*n/12.
23
Suppose 197*u = 189*u + 112. List the prime factors of u.
2, 7
Suppose 3*i - 4*j = -2*j + 209, 5*j = -20. Suppose 2 = q, 5*k = -3*q + i + 244. What are the prime factors of k?
61
Let u be (-248)/(-31) + -4 + 0/1. Suppose 5*n = u*g + n - 236, -2*n = 3*g - 152. List the prime factors of g.
2, 3
Suppose 4*d + 5 = 5*k - 5, 0 = d - k + 3. What are the prime factors of (810/(-4))/d*4?
2, 3
Let g(t) = 34*t - 2. Let v be (-33)/(-15) + (-1)/5. List the prime factors of g(v).
2, 3, 11
Let v = 14 - 11. Suppose 3 = -v*s + 4*s. Suppose s*x = 22 + 11. What are the prime factors of x?
11
Suppose 320 = 2*b + 4. Let n = b - 94. List the prime factors of n.
2
Let m = 41 - 18. Suppose -13*r - 143 = -0*r. Let q = r + m. What are the prime factors of q?
2, 3
Let a(m) = -m + 1. Let z(i) = -9*i + 11. Let g = 9 + -15. Let t(j) = g*a(j) + z(j). List the prime factors of t(-6).
23
Suppose -10 = -2*o - 4*q, 3*o - 5*o + 5*q = -19. Let s(y) = 0*y - y**2 + 4*y + 5*y + 10. What are the prime factors of s(o)?
2, 3
Let k(s) = 2*s**3 - 50*s**2 - 25*s + 39. List the prime factors of k(27).
2, 3, 5, 19
Let s(q) = -8*q - q**3 + 15*q**2 - 11*q + 7 - 2 + 13. What are the prime factors of s(13)?
109
Suppose -360 = 3*q - 8*q. List the prime factors of q.
2, 3
Suppose -i = -2*a + 3*i - 6, -2*a + i + 9 = 0. Suppose 0 = -2*b - 5*t - 3, a + 0 = 2*b + 3*t. What are the prime factors of b?
11
Let d(a) = -90*a + 400. List the prime factors of d(-13).
2, 5, 157
Let t = 13 - 28. Let w = t + 112. What are the prime factors of w?
97
Suppose -4*d - 3*v - 229 = -5*d, -2*d + 3*v + 446 = 0. List the prime factors of d.
7, 31
Suppose -62*v = -11*v - 175440. List the prime factors of v.
2, 5, 43
Let j be (-8)/(-3) - 14/21. Suppose -4*u = f + 27, j*f - 4*u + 79 = -7*u. What are the prime factors of f/(-3) + 7/21?
2
Let j(m) = 2*m - 10. Let c be j(6). Let a(k) = 70*k - 11. List the prime factors of a(c).
3, 43
Let c(s) be the second derivative of 4*s**3 - s**2/2 - s. Suppose 0 = -3*t + 33 - 24. List the prime factors of c(t).
71
Let k(b) be the third derivative of 1/60*b**5 + 0 + 11/24*b**4 - 10/3*b**3 - 2*b**2 + 0*b. List the prime factors of k(-14).
2, 11
List the prime factors of (-12)/(-14)*410 - (-4)/7.
2, 11
Let v(m) = -m - 5. Let i be v(-9). Suppose i*p = -4, -s + 9 + 16 = -4*p. What are the prime factors of s?
3, 7
Suppose -32*v + 15648 = -8*v. What are the prime factors of v?
2, 163
Suppose 0*x + 11856 = -3*x. Let y be x/10 + (-20)/25. What are the prime factors of (4/6)/((-6)/y)?
2, 11
Let a(q) = -116*q - 33. Let d be a(-6). Suppose -d = -4*n - 63. What are the prime factors of n?
2, 3, 5
Suppose -2*i = -t - 1001, 3*t + 1568 = 4*i - 439. List the prime factors of i.
2, 3, 83
Suppose -9*z + 199 = -134. What are the prime factors of z?
37
Let a = 6135 - 3861. List the prime factors of a.
2, 3, 379
Let c(r) = -r + 6. Let t be c(6). Suppose t = -0*g + 5*g + x + 7, 3*x + 1 = 5*g. What are the prime factors of g/2 + 51/2?
5
Let w(d) = -d**2 - 8*d + 4. Let y be -2 - (3 + -1 + -30). Suppose 4*v + y = 2*p, -5*v - p - 29 = -0*p. What are the prime factors of w(v)?
2
Let a(q) = -3*q**3 - 8*q**2 - 26*q - 274. List the prime factors of a(-10).
2, 1093
Suppose -8734 + 43934 = 10*f. List the prime factors of f.
2, 5, 11
What are the prime factors of -4*(6 - (-3016)/(-16))?
2, 5, 73
Suppose 8*n + 817 = 5793. What are the prime factors of n?
2, 311
Suppose -10*l + l + 900 = 0. Suppose 0 = 2*o - 10, u - 4*o - l = 38. What are the prime factors of u?
2, 79
Let v(q) = 4*q**2 + 4*q - 41. List the prime factors of v(5).
79
Suppose 14*n = 19461 + 13831. List the prime factors of n.
2, 29, 41
Let q(r) = 22*r. Let y(n) = -45*n + 1. Let l(c) = 5*q(c) + 2*y(c). Let u be l(-1). Let b = 36 + u. What are the prime factors of b?
2, 3
Suppose 18*k + 164 = 2*f + 14*k, -4*k - 398 = -5*f. What are the prime factors of f?
2, 3, 13
Suppose -24*p = -23*p - 2. Suppose -p*s = -6*s + 20. Suppose 0 = -4*l + 4*n + 76, 0*n - 55 = -5*l - s*n. List the prime factors of l.
3, 5
Let a = -13 - -50. Let f = -15 + a. What are the prime factors of f?
2, 11
Suppose 98*t - 2314 = 25714. List the prime factors of t.
2, 11, 13
Suppose -2*l = 3*l - 55. Let w(n) = n**3 + 6*n**2 - 9*n - 5. Let x be w(-7). Let j = l - x. What are the prime factors of j?
2
Suppose 120 = 3*h - 5*p - 560, -p = 4*h - 876. Suppose -9*s + 116 = -7*s + x, -x = -4*s + h. What are the prime factors of s?
2, 7
What are the prime factors of (347/4)/((-65)/(-2860))?
11, 347
Let q(f) = -2*f**2 + 19*f - 12. Let y be q(9). List the prime factors of (3 - (-62)/(-6))*y.
2, 11
Let r = 2394 - 1779. What are the prime factors of r?
3, 5, 41
Let t(d) = -2*d**3 + 10*d**2 + 11*d - 5. What are the prime factors of t(-7)?
2, 547
Let l be ((-28)/(-10))/((-10)/(-25)). Let p(r) = -r**3 + 9*r**2 - 7*r - 3. What are the prime factors of p(l)?
2, 23
Let g be ((-20)/6)/((-10)/45). Let z be ((-3)/9)/((-1)/g). Suppose -z*u + 0*u = -95. List the prime factors of u.
19
What are the prime factors of (-3)/((-2)/((-5810)/(-21)))?
5, 83
Let w = -749 - -2330. Suppose 14*g + 405 = w. What are the prime factors of g?
2, 3, 7
Suppose -126 + 30 = 8*n. Let k(b) = 2*b**2 + 15*b - 22. What are the prime factors of k(n)?
2, 43
List the prime factors of 212/9 + 20/45.
2, 3
Suppose 8*b - 1980 - 996 = 0. Let a = 607 - b. List the prime factors of a.
5, 47
Let d(y) = -y**2 - 22*y - 52. What are the prime factors of d(-12)?
2, 17
Let l(n) = 78*n + 10. What are the prime factors of l(11)?
2,